6*t**3 + t + 1/4*t**4 - 1/120*t**5. Let b(c) be the second derivative of g(c). Give b(0).
6
Let k = -14 + 18. Let a(i) = k*i**2 - 15*i + 11*i - 5*i**2 + 0 - 1. Give a(-6).
-13
Let g(l) = l**2 + 8*l + 9. Let m(o) = 5*o - 35. Let i(d) = -3*d + 18. Let f(p) = -11*i(p) - 6*m(p). Let n be f(-6). What is g(n)?
-3
Let q = -3 - -4. Let v(w) = -3*w**3 + 3*w**2 + 3*w + 1. Let g(c) = -5*c**3 + 7*c**2 + 7*c + 3. Let z(b) = 2*g(b) - 5*v(b). What is z(q)?
4
Let b(c) = -4*c**2 + 11*c - 7. Let n(t) = t**3 + 4*t**2 + t + 9. Let y be n(-4). Let s(z) = 6*z**2 - 17*z + 11. Let u(d) = y*s(d) + 8*b(d). Give u(2).
-3
Let b(g) be the first derivative of g**2/2 + 5*g + 1. Let q(u) = -2*u - 14. Let r(k) = -7*b(k) - 2*q(k). Let v = -11 + 6. Calculate r(v).
8
Let a(x) = 5*x**2 - 2. Let b(l) = -11*l**2 + 3. Let c(w) = 5*a(w) + 3*b(w). Determine c(-1).
-9
Let o(f) be the second derivative of f**3/6 + f**2/2 + 15*f. Calculate o(-1).
0
Suppose 4*z + 0*z - 8 = 0. Suppose -1 = h - z*h. Let u(m) = h + m**3 + 3*m + 3*m - 8*m**2 + m**2. Calculate u(6).
1
Let t be 4/((2/2)/(-1)). Let w(l) = 6*l**2 + 0 + 3*l**3 + 2*l - 5 + 1. Let m(b) = b**3 + b**2 - 1. Let q(c) = t*m(c) + w(c). Give q(3).
-3
Let i be 2/6 + (-2)/(-3). Let g(z) be the second derivative of -1/2*z**2 + 0*z**3 + 0 + 1/6*z**4 - 14*z + 1/5*z**5. What is g(i)?
5
Let i be (-1)/(-2) + (-2)/(-4). Let s(a) = a. Give s(i).
1
Let g be (-2 + 0)*(-2)/4. Let u = 3 - g. Let k(o) = -2 + 2 + 5 + 2*o - u. Give k(-5).
-7
Let s(v) = -5*v + 1. Let p(c) = 4*c - 13. Let l be p(4). Suppose 2*f - 2*j - 2 = -2*f, -3*f = -3*j + l. Give s(f).
-9
Let i = 3 - 0. Let q(c) be the second derivative of 0 - 1/2*c**2 + 1/6*c**3 - 2*c. Calculate q(i).
2
Let h(g) = g + 1. Let r = -2 + 4. Let p(l) = l + 16 + r*l + 0*l. Let m(v) = 4*h(v) - p(v). Give m(6).
-6
Let a(g) = -g**3 + 4*g**2 - 2*g - 5. Let b(i) = -3*i**3 + 9*i**2 - 4*i - 11. Let h(k) = 5*a(k) - 2*b(k). What is h(-2)?
1
Let c(w) = 2*w. Let l(k) = k**3 - 10*k**2 - 12*k + 15. Let z(u) = 13*u**2 - u + 1. Let i be z(-2). Suppose i = -s + 6*s. Let a be l(s). Calculate c(a).
8
Let v(h) = -2*h**3 - 8*h**2 - 3*h + 2. Let o(c) = -4*c**3 - 15*c**2 - 6*c + 3. Let d(u) = 3*o(u) - 5*v(u). What is d(-3)?
17
Let k(s) = -s**3 - s**2 + 5*s + 2. Let l be k(-3). Suppose 5*f - 2*j = 23, -4*j + 4 + l = f. Let g = f + -6. Let r(c) = -c**2 + c. Give r(g).
-2
Let k(x) be the first derivative of -x**6/120 + x**5/30 + x**4/12 - x**3/6 - 5*x**2/2 + 2. Let b(y) be the second derivative of k(y). Determine b(3).
-4
Suppose 2 + 5 = -c - 2*t, 4*c + 2*t + 4 = 0. Let s be (-3 - -1) + c - 4. Let w(l) = -8 + 22*l + 18*l - 41*l. Determine w(s).
-3
Let u(w) = -2*w + 2 - 2 + 2 + 6*w. Determine u(2).
10
Let q(m) = -m**3 - 5*m**2 + 6*m - 6. Let o be 189/(-24) + 2 + 7/(-56). Determine q(o).
-6
Let v(h) = h**2 + 10*h + 10. Suppose 2*q + 0 = -16. Calculate v(q).
-6
Let g be 0 + 1/6 + 91/(-78). Let c(x) = 3*x - 1. Determine c(g).
-4
Let r(t) = t**2 - 8*t + 5. Let u be r(7). Let a(s) = s**2 + 2. Calculate a(u).
6
Suppose -7*n = -13*n - 54. Let z(x) = -x**2 - 10*x - 2. Give z(n).
7
Suppose 4*a + 0 = -8. Let m(w) = 0 + 2*w**2 + w - 1 + 2. Determine m(a).
7
Let k(f) = f**3 - 2*f**2 - f + 4. Suppose 5*y = -2*q + 5 + 12, 0 = -4*q + 3*y + 21. Suppose -q*x = -x - 15. What is k(x)?
10
Suppose -x + 3*r + 11 = -2*r, x + 4*r = 20. Let k be (x/12)/(3/(-9)). Let m(n) = -n + 1. Let v(j) = -5*j + 1. Let u(o) = -4*m(o) + v(o). Give u(k).
1
Let s(b) = b**3 - 4*b**2 + 4*b - 4. Let a be s(3). Let w(g) = 5*g**2 + 2*g + 1. What is w(a)?
4
Let d(b) = -b**2 - 2*b + 3. Let k(w) = 2*w**2 + 4*w - 5. Let a(v) = 5*d(v) + 3*k(v). Determine a(-3).
3
Let q = 10 + -5. Suppose -q = -2*f - 1. Let i be 1 + -2 - -1*f. Let k(j) = -2*j**2 + 2*j - 1. Give k(i).
-1
Suppose 14 = 5*p - 16. Suppose -4*r + p = 22. Let z(y) = -3 + 2 + 7 + 3*y. Calculate z(r).
-6
Let b(s) = s - 6 - 4 + 0. Suppose 4*v - 6 = -2*t, -5*v - 31 = -4*t + t. Calculate b(t).
-3
Let n(o) = o**2 - 7*o + 1. Suppose 0*w + 2*w - 12 = 0. Suppose 4*z + 2 - w = -2*x, 12 = x - 3*z. Give n(x).
-5
Let o(a) = 53*a - 17*a - 18*a + 5*a**2 + a**3 - 5 - 19*a. Let t be (-2 - 0) + (1 - -2). Suppose -r = 4 + t. Calculate o(r).
0
Let j be (-46)/(-14) - 2/7. Let w be (-11)/(-2) - j/6. Let a(u) = u - 1. What is a(w)?
4
Let m be ((1 + -5)*-1)/(-1). Let p(z) = -z - 12. Let f be p(-7). Let h = m - f. Let x(d) = -6*d**2. Determine x(h).
-6
Let f(n) = 1. Let a(v) = v + 8. Let b(t) = -a(t) + 3*f(t). Suppose -2*d + 6 = -5*d, -r - d - 2 = 0. Suppose r = 3*p - 0*p + 9. Give b(p).
-2
Let p(t) = t**2 + 5*t - 5. Suppose -3*n + 10 = 1. Suppose -2*i = n*i + 25. Determine p(i).
-5
Let d(g) be the third derivative of -g**7/840 - g**4/12 - g**3/3 - 4*g**2. Let k(v) be the first derivative of d(v). Calculate k(-2).
6
Let g(n) = -n - 2. Let s be (-1 + -1)*(5 - 6 - -2). Calculate g(s).
0
Let c(l) be the third derivative of l**4/24 + l**3/6 + 35*l**2. Let o = -9 - -13. Give c(o).
5
Let q(k) be the second derivative of k**4/24 - 2*k**3/3 - 3*k**2/2 + 2*k. Let f(n) be the first derivative of q(n). What is f(-5)?
-9
Let q be -3*(-2)/(-24)*4. Let s(l) = 7*l**3 - l**2 + l + 1. Calculate s(q).
-8
Let n be 1*(-2 - -1)*-3. Let i(f) be the second derivative of 3*f + 1/2*f**2 - 1/6*f**n + 0. Give i(-4).
5
Let x = 45 - 20. Suppose -5*l - x = -0*l. Let t(b) = -b + 1. What is t(l)?
6
Let q(u) = u + 4. Let f be q(3). Let d = f - 4. Let c(m) = 3 - 1 - 2*m + d*m + 0. Calculate c(-5).
-3
Let s(x) = -23 + 11 + 11 - x. Determine s(-2).
1
Let c = -2 + 4. Suppose -2*q - q = -6, -4*n + 4*q = 0. Let p(z) = -3 + z**2 - n + 0*z**c + 5*z. Determine p(-5).
-5
Let a(u) = 0 - 5*u**2 + 12*u**2 - 1. Suppose 0*f = -f + h + 1, -4*h - 5 = -3*f. Give a(f).
6
Let t(l) = l**3 + 7*l**2 + 13*l - 4. Let a be t(-4). Let r(s) = s**3 + 8*s**2 - 2. Calculate r(a).
-2
Let y(z) = -7*z**3 + 4*z**2 + z + 8. Let d(q) = -11*q**3 + 6*q**2 + q + 12. Let g(w) = 5*d(w) - 8*y(w). Determine g(4).
16
Let k = 1 + 6. Let x(u) = -u**3 + 7*u**2 + 2*u + 3. Give x(k).
17
Let a(m) be the first derivative of -3*m**2/2 + m - 9. Give a(2).
-5
Suppose 0 = -0*p + 2*p + 3*b - 12, 18 = 3*p - 5*b. Let t(y) = y - 3. Give t(p).
3
Let v be (-56)/(-6)*24/(-16). Let l = v - -15. Let j(x) = 4*x**2 + x. Determine j(l).
5
Let x(b) = -6*b + 3*b + 41 - 46. What is x(-7)?
16
Let n(w) be the first derivative of -w**4/4 + w**3/3 + w**2/2 + w - 1. Let c(v) = -v + 6. Let j be c(6). Give n(j).
1
Let j(u) be the first derivative of -u**2/2 + 6*u - 9. Suppose -6 = 3*b, 2*g + 2 = 3*b + 8. Give j(g).
6
Let n(t) = 2*t + 45. Let o be n(-18). Let q(f) = f**2 - 11*f + 9. Give q(o).
-9
Suppose 0 = l + 4 - 0, 3*a = l - 2. Let t(p) = 2*p**2 - 2 - p**2 - p**3 + 2*p**3 - p. Give t(a).
-4
Let a = 11 + -4. Suppose -2*v = -a*v. Let f(c) = 2 - c**2 + 1 + 5 - c. What is f(v)?
8
Let l(k) be the third derivative of -k**4/24 - k**3/3 + k**2. Suppose -6 = -4*v - 4*s + 26, 0 = -2*v - 5*s + 13. Let c be (-4)/(-3) - (-6)/v. What is l(c)?
-4
Let f(r) = 3*r - 7. Let v(k) = k - 1. Let c(d) = f(d) - 4*v(d). Give c(-6).
3
Suppose 18 - 50 = -8*z. Let x(a) be the first derivative of -3 + 7*a - z*a**2 + 1/3*a**3. Determine x(6).
-5
Let n(r) = 7 - 198*r + 199*r - 4. Calculate n(-6).
-3
Let g(y) be the first derivative of 11*y**3/3 - y**2 + y + 16. Suppose -u + 3*u + 4 = 0, 5*u + 5 = -5*v. What is g(v)?
10
Let x(i) = -2*i - 4. Suppose 3*w - 7 - 8 = 0. Determine x(w).
-14
Let b(k) be the first derivative of -3*k**4/4 - k**3/3 - k**2/2 - k - 2. Suppose 0*h + 16 = 4*h. Suppose 2 = 2*q + h. Determine b(q).
2
Let a(d) = d**3 - 8*d**2 + 8*d - 9. Let q be a(7). Let t(h) = -2 + 0*h + 4*h - 3*h. Calculate t(q).
-4
Let s(i) = -i**2 + 5*i + 3. Let r be (-148)/(-24) + 3/(-18). Determine s(r).
-3
Let o(b) = -b**3 - b + 1. Let t(s) = -s**2 - 1. Let q(f) = 7*f**3 - f**2 + 8*f - 1. Let j(v) = q(v) + 3*t(v). Let c(r) = j(r) + 6*o(r). What is c(2)?
-2
Let c(z) = z**2 + 2*z - 2. Let s be (2*2)/((-4)/6). Let p be (2 + 1)*10/s. Let r be (-2)/p - (-8)/5. What is c(r)?
6
Let f(x) = x**2 + 5*x + 4. Let j be ((2 - 1) + -6)*1. Calculate f(j).
4
Let s(n) = n. Suppose 3 = 3*h - 3*r, 2*h - 5*r + r = -4. What is s(h)?
4
Let q = 1 + -3. Let l = 5 + q. Suppose -l*f - 8 - 7 = 0. Let y(n) = n + 7. Determine y(f).
2
Let j(i) = -i**3 - 3*i**2 + 4. Let x = 8 - -6. Suppose 6 = -16*y + x*y. Give j(y).
4
Let y